 + 27 = -2*c. Let h = l - c. What is the units digit of h?
5
Let x(n) = -n + 10. Let c be -4 + -2 + 3 + -4. Let v = c - -14. What is the units digit of x(v)?
3
Let i be -9*(12/9)/(-4). Suppose 0*c + i*c = 108. What is the units digit of c?
6
Let f = -84 - -84. Let d(k) = k + 183. What is the units digit of d(f)?
3
Suppose -4 - 2 = -3*t. Suppose t*o = 6*o. Suppose 0 = g + 1, -59 = -o*d - 5*d - g. What is the tens digit of d?
1
Let c(z) = -500*z + 66. What is the hundreds digit of c(-2)?
0
Suppose 16*b = 21*b + 290. Let h = b + 107. What is the units digit of h?
9
Let q(n) = 9*n**2 + 6*n + 3. Let x be q(-6). Let z(w) = -3*w**2 + 10*w - 4. Let f be z(1). Suppose x = 6*a + f. What is the units digit of a?
8
Let m(a) = a**3 - 34*a**2 + 134*a + 4. What is the thousands digit of m(31)?
1
Suppose 873 = 5*m - 2547. What is the tens digit of m?
8
Suppose 0 = 13*f - 20*f + 2002. What is the hundreds digit of f?
2
Suppose -11484 = -9*p + 2592. What is the thousands digit of p?
1
What is the units digit of 9 + 5703*(-6)/(-9)?
1
Let a be (39 + 1)/(4/12). Suppose 12 - a = -3*o. What is the tens digit of o?
3
Suppose -3*a = -5*c - 107, 2*c - 4*a - 13 = -53. Let y be -24 - 1 - 0/(-2). Let u = c - y. What is the units digit of u?
3
Let g(x) = -x**2 - x + 2. Let i be g(0). Suppose 0 = i*w + w + 57. Let n = w + 37. What is the units digit of n?
8
Let p(w) = w**3 + 9*w**2 + 6*w - 16. Let l be p(-8). Suppose l = 4*b + y + 4*y - 232, 327 = 5*b - 3*y. What is the units digit of b?
3
What is the tens digit of 41*(-1*(-2 - 20) + -1)?
6
Let g(d) = 13*d**2 - 9*d - 19. Let u be g(8). Suppose 2*n = -3*a + 483, -3*n + 0*a + a = -u. What is the tens digit of n?
4
Let s(m) = -6*m**2 - 2*m - 7. Let i be s(-4). Let q = i + 199. Suppose 0 = 4*x - 4*o - q, 0*x - 3*o = x - 22. What is the units digit of x?
5
Let v(j) = 2*j - 4. Let w be v(-5). Let g be (w/(-5))/((-1)/80). What is the tens digit of (g/6)/4*-3?
2
Suppose 3*l + 4*h - 516 = 0, 3*l + h - 688 = -l. What is the units digit of l?
2
Let s = 63 - 49. Let i(p) = -p**2 + 18*p - 17. What is the units digit of i(s)?
9
Suppose -22*d - 7 = -29*d. What is the hundreds digit of (63 - d)*117/26?
2
Let u = 518 + -73. What is the tens digit of u?
4
Suppose -115*a = -113*a - 1732. What is the tens digit of a?
6
Suppose 3*v = -2*v - 3*h - 5, 3*v + h = 1. Let o be v*(-2)/2 - -2. Suppose o = -4*t + 42 + 54. What is the tens digit of t?
2
What is the tens digit of ((-31108)/(-132))/(2/(8 - 2))?
0
Let i(l) = -82*l + 5. Let n be i(-4). Suppose -4*y - y - 2*x + n = 0, 0 = 3*y - 4*x - 179. What is the units digit of y?
5
Suppose -19*p + 17*p - 17972 = -3*r, -5*p = 4*r - 24001. What is the units digit of r?
4
Suppose -8 = -2*f, -3*s + 400 = -5*f - 96. Suppose -2*a - s = -6*a. Let i = a + -30. What is the tens digit of i?
1
Suppose 5*p = c + 1718, 11*p = 8*p + 5*c + 1044. What is the hundreds digit of p?
3
Let z(m) = m**3 - 8*m**2 + 2*m + 3. Let s(n) = -2*n**3 + 16*n**2 - 3*n - 5. Let j(d) = 6*s(d) + 13*z(d). What is the tens digit of j(7)?
1
Let z(p) = -p + 4. Let q be z(0). Suppose 3*o - 31 = 2*c, o + 18 - 5 = -q*c. Suppose -5*v + 7 + 3 = g, o = 2*v + g. What is the units digit of v?
1
Suppose -4*d - 7*q = -8*q - 5699, -5*q - 2827 = -2*d. What is the tens digit of d?
2
Suppose 3*m + 62 = z - 545, 0 = 5*m + 2*z + 1019. Let s = 351 + m. What is the units digit of s?
8
Let u be (15/(-45))/((-1)/(-15)). Let j = 121 - u. What is the hundreds digit of j?
1
Let r = -1020 + 1473. What is the units digit of r?
3
Suppose -8*l + 104 = 440. What is the units digit of (21*l/54)/((-1)/3)?
9
Suppose 0 = -r + 3, -261 = -24*n + 23*n - 2*r. What is the tens digit of n?
5
Suppose 0 = 47*l + 36879 - 198418. What is the hundreds digit of l?
4
Let w(s) = 8*s**3 - 3*s**2 - 4*s + 32. What is the units digit of w(5)?
7
Suppose a = -3*a + 24. What is the tens digit of 116 - ((-4)/a + (-10)/(-6))?
1
Suppose 0 = -3*s - s + 5*q + 1110, -1124 = -4*s - 2*q. Suppose -5*n = -9*n + s. Suppose 7*u = 9*u - n. What is the tens digit of u?
3
Let j(b) = 22*b + 3. Let u be j(-4). Let s = -141 - u. What is the tens digit of (s/(-12))/(6/27)?
2
Let l = -68 + 44. Let n = 58 + l. Suppose -4*k - 2 = -n. What is the units digit of k?
8
Let f = 72 + -40. Suppose 3*p + f = -13. Let r = 6 - p. What is the tens digit of r?
2
Let h(d) be the first derivative of -d**4/4 - 14*d**3/3 - 8*d**2 + 22*d - 11. What is the units digit of h(-13)?
1
What is the tens digit of 62 + 39 + (-7 - 2)?
9
Let m(d) = 12*d. Let t be m(1). Let f be -14 + t - -2*2. Suppose 70 = f*q + 8. What is the tens digit of q?
3
Let j(n) = 2*n**2 + 13*n + 10. Let o = 29 + -37. What is the units digit of j(o)?
4
What is the tens digit of ((-10)/3)/((-7)/(945/2))?
2
Suppose 2*d = -0*d + 2. Suppose 4*x - 2 - d = -3*q, 2*q - 7 = -x. Let m = q + 1. What is the units digit of m?
6
Let v(i) = 4 + i**2 + i**3 - 2*i**3 + 2*i - 3*i. Suppose -8*r + 2*r = -r. What is the units digit of v(r)?
4
Let d be (-3132)/45 + 2/(-5). Let c = d + 109. What is the units digit of c?
9
Suppose -10*l - 3003 = -13*l. What is the thousands digit of l?
1
Suppose 5*x + 2*x = 175. Suppose o = -4*o + x. Suppose -2*b - 59 = -v - b, -o*v = 2*b - 267. What is the units digit of v?
5
Let a(p) = -p**2 + p + 7. Let b(v) = -2*v**2 + 2*v + 15. Let q(i) = -7*a(i) + 3*b(i). What is the units digit of q(-9)?
6
Suppose -109*t = -112*t + 975. Suppose 3*n = -5*m + 325, -4*m - n + t = m. What is the tens digit of m?
6
Let z be 2/(-4) + 1791/18. Suppose -15 = 4*f - z. What is the units digit of 741/f - 6/21?
5
Let o(c) be the first derivative of -c**4/2 + 4. Let d be o(-1). What is the tens digit of (-28)/(-2 + 1) + d?
3
Let g be ((-4)/(-3))/(2 - (-68)/(-33)). Let j = g - -187. What is the tens digit of j?
6
Let d be (-128)/(-24) - (-2)/(-6). Suppose -3*m = -6*g + 2*g - 20, 3*m - d = g. Suppose 0 = 4*j + 12, 5*k - 2*k - 3*j - 222 = m. What is the tens digit of k?
7
Suppose -5*k + 13 = -7. Suppose -k*v - 9 + 433 = 0. What is the tens digit of v?
0
Suppose 0 = -39*f + 2137 + 9797. What is the units digit of f?
6
Let v be (-271)/(-3) - 4/(-6). Let w = v - 37. What is the units digit of w?
4
Let d(s) = s**3 + 10*s**2 + 6*s - 3. Let y be d(-6). Let g = 193 - y. What is the tens digit of g?
8
Let s = 43 - -2958. What is the thousands digit of s?
3
Let v = 1516 - 971. Suppose 2*a - 5*a + 115 = s, 5*s + 5*a - v = 0. What is the tens digit of s?
0
Suppose -2 = -3*x + 5*h + 20, -4*x - 4*h + 8 = 0. Suppose 3*k = -6, 0*d + 340 = x*d - 4*k. What is the tens digit of d?
8
Let v = 25 + 18. Let s = -5 + v. What is the tens digit of s?
3
Suppose -3*c + 3 = 3*d, 4*d - 2*d = -4*c. Suppose -4*t + 4*x = 6*x - 24, 0 = -5*t + 4*x + 43. Suppose t = -d*j + 33. What is the units digit of j?
3
Suppose -164 = -2*x + y, 5*x - 2*y - y - 408 = 0. What is the units digit of (3/(x/32))/(2/7)?
4
Let w(q) = 12*q**2 + 42*q + 144. Let v(c) = -4*c**2 - 14*c - 48. Let l(d) = 17*v(d) + 6*w(d). What is the tens digit of l(-8)?
9
Let r be 6/(-10) + (-99)/(-15). Suppose r*z + 2*b - 12 = 2*z, z - b = -3. What is the units digit of z?
1
Suppose -5*y + 938 = 3*v, -4*v + 1336 - 67 = 3*y. What is the units digit of v?
1
Let k(w) = 0*w**2 + 17*w + 26*w**3 - 16*w**2 - 14*w**3 - 13*w**3 + 20. What is the units digit of k(-17)?
0
Suppose 0 = -2*f - 4*s - 3 + 17, 4*f + 4*s = 28. Suppose 564 = 13*n - f*n. What is the tens digit of n?
9
Suppose 0 = 3*m + 3*x + 30, -3*m - 2*x - 2 = 24. Let z be (-2 - -4 - m)*4. Suppose -l + z = -5*i - 3, -4*l + 3*i + 106 = 0. What is the tens digit of l?
2
Suppose 5542 = 10*l - 1218. What is the hundreds digit of l?
6
Suppose w + 3*w - 26 = -2*k, w - 2 = 4*k. Let u be (-5)/((-4)/(-16)*-2). Let q = u - w. What is the units digit of q?
4
Let i = 1422 - 697. What is the tens digit of i?
2
Let o(f) = -4*f - 5. Let p be o(-5). What is the tens digit of ((-98)/5)/((-3)/p)?
9
Suppose -h + 32 - 2 = 0. Suppose -2*d - 3*n = -h, -3*d + 8*d - 3*n - 96 = 0. What is the units digit of d?
8
Let a be (-10 + 0)*(-5 - (-45)/10). Suppose -a*z + 318 = p - 324, -5*z = -3*p - 654. What is the hundreds digit of z?
1
Let l(n) = 6*n**2 - 11*n + 6. What is the hundreds digit of l(-9)?
5
Let g = -1618 + 2722. What is the thousands digit of g?
1
Suppose -d + 114 = -0*d + 3*c, -119 = -d + 2*c. What is the units digit of 4 